 - 198. What is the remainder when y is divided by o?
31
Suppose 0 = 19*r - 14*r + 2260. What is the remainder when r/2*((-10)/4 + 2) is divided by 29?
26
Let k(w) = w**2 + 4*w - 13. Suppose 67 = 4*c - 2*y + 19, 0 = 3*c + 4*y - 36. What is the remainder when k(-9) is divided by c?
8
Suppose -4499 = -22*y + 11*y. What is the remainder when y is divided by 41?
40
Let g = 424 + -5. Suppose 5*k - k = 5*r - 525, 3*k = 4*r - g. Suppose 3*h - 4*s - r = 0, -2*h = h + s - 121. What is the remainder when h is divided by 14?
11
Suppose -5*d - 135 = -5*c, -4*c + 3*d = -0*d - 113. Calculate the remainder when c is divided by 11.
10
Let s(x) = 3*x - 78. What is the remainder when 82 is divided by s(32)?
10
Let c(q) = 3*q**2 + 18*q + 39. Calculate the remainder when 43 is divided by c(-4).
13
Suppose 4*n = -2*w + 440, 60 = -2*w + 52. Calculate the remainder when n is divided by 41.
30
Calculate the remainder when 96 is divided by 6/(0 + 2) - 8*-1.
8
Suppose -k + 8*l + 942 = 5*l, 5*l = -2*k + 1829. What is the remainder when k is divided by 93?
90
Let n(h) be the third derivative of h**6/60 - h**5/20 + h**4/8 + h**3/6 + 2*h**2. What is the remainder when 39 is divided by n(2)?
6
Suppose -30 = -c + r - 8, c = -3*r + 22. Calculate the remainder when 151 is divided by c.
19
Let v(y) = -y**3 + 11*y**2 + 20*y - 34. Calculate the remainder when 92 is divided by v(12).
30
Let k(l) = -3*l**2 + 11*l. Let a(w) = w**2 - 4*w. Let v(z) = -8*a(z) - 3*k(z). Let n be (-8)/(-2)*(-5)/4. Calculate the remainder when v(n) is divided by 16.
14
Let o(z) = z**2 - 14*z - 7. Let w be o(14). Let q(i) = 2*i**2 + 11*i + 10. Let n be q(w). Let v = n - 16. Calculate the remainder when 44 is divided by v.
14
What is the remainder when (9435/(-34))/5*(-8)/6 is divided by 20?
14
Suppose 4*y - 3*y = 3*i - 38, -4*y - 54 = -5*i. Let l be (-138)/(-12)*(1 - -1). Let u = 61 - l. Calculate the remainder when u is divided by i.
10
Suppose 2*h - 10 = -4*o, 0*o - 25 = -4*o + 3*h. Suppose 5*n = -3*w - w + 50, -18 = -w - o*n. Calculate the remainder when 29 - -9 - (-1)/(-1) is divided by w.
7
Let q = 145 + -129. Calculate the remainder when q is divided by 1.
0
Let d = -14 - -24. Suppose -1292 = p - 39*p. What is the remainder when p is divided by d?
4
Let c = 19 - 20. Suppose 0 = 3*a + 3, -4*r - a + 227 = 4*a. Calculate the remainder when r is divided by c/(5/(-70)) + 1.
13
Suppose 30 = -c + 3*q + q, 4*c + 120 = -4*q. Calculate the remainder when -8 + 10 - (c - 0) is divided by 5.
2
Let g = -17 - -3. Let p be (4/6)/(g/21). Calculate the remainder when 5 is divided by 6/(-4)*2/p.
2
Let b(n) = 11*n**2 - 2*n + 6. Let p(l) = 4*l - 16. Calculate the remainder when b(3) is divided by p(9).
19
Suppose 27*v - 145 = 22*v + 5*r, 0 = -5*v + r + 125. What is the remainder when v is divided by 11?
2
Suppose 0 = -5*s - 14 + 139. Let h = s + -95. Let d = h - -165. Calculate the remainder when d is divided by 33.
29
Suppose 6783 - 238 = 55*f. What is the remainder when 343 is divided by f?
105
Let a(y) = 17*y**2 - y + 1. Suppose 10*w - 9*w = -1. Suppose 69 = o - 3*h, 2*h + 255 = 5*o - 116. What is the remainder when o is divided by a(w)?
18
Suppose 4*q = 3*q + 14. Let x = -5636 - -5642. What is the remainder when q is divided by x?
2
Let f = -28 - -32. Let r be 12/(-36) - f/(-3). Let y(a) = 23*a**3 + a**2 - a + 1. Calculate the remainder when 95 is divided by y(r).
23
Suppose 0 = 3*l - m - 44, 8*l - 4*l - 68 = -m. Calculate the remainder when 157 is divided by l.
13
Let j = 2069 - 2064. What is the remainder when 194 is divided by j?
4
Suppose 196*j - 40 = 195*j. Calculate the remainder when j is divided by 20.
0
Let b be 1*0/(-1 + 5). Suppose 4*f - 5*j = -3, 0 = -f - b*f + 5*j + 18. Calculate the remainder when (f + 3)*-1 - -27 is divided by 17.
14
Let l(j) = -3*j + 2. Let k(a) = -a**3 + 8*a**2 - 4*a + 9. Let v be k(6). Let i = -15 + v. Calculate the remainder when i is divided by l(-3).
9
Let h(t) = -13*t + 61. Calculate the remainder when h(-27) is divided by 46.
44
Let n = 73 - 52. Let f = 42 - n. What is the remainder when f is divided by 5?
1
Suppose 16 = 5*t - 34. Suppose 4*j - 5*j + t = 0. Calculate the remainder when 39 is divided by j.
9
What is the remainder when (39808/(-320))/((-2)/10) is divided by 89?
88
Suppose -n - s = -13 - 30, 140 = 4*n - 4*s. Let q = n + -24. Suppose 0 = -2*r + r + 6. Calculate the remainder when q is divided by r.
3
Let n = -13 - -26. Let s(x) = -x**2 + 12*x + 13. Let p be s(18). Let f = -58 - p. What is the remainder when f is divided by n?
11
Let p(h) = 28*h**2 - 7*h - 8. Let a(s) = s. Let f(o) = 3*a(o) + p(o). Calculate the remainder when f(-2) is divided by 19.
17
Let b = -289 - -406. What is the remainder when b is divided by 63?
54
Suppose -4*h - 28 = -2*f, 2*f - 12 = 5*h + 15. What is the remainder when 26 is divided by f?
10
Let c be (1 - 7)*29/(-6). Suppose -2*f + c = -41. What is the remainder when 137 is divided by f?
32
Let o = -21 - -36. Suppose -138 = -3*s + 4*r, -r + 120 = 3*s + r. What is the remainder when s is divided by o?
12
Let a = 1809 - 1221. Calculate the remainder when a is divided by 19.
18
Let g = -564 - -667. What is the remainder when g is divided by 30?
13
Calculate the remainder when 79 is divided by (2/7)/(98/2744).
7
Let l = 5284 + -5267. Suppose -3*t - 168 = -3*u, 0*u - 5*u = -4*t - 283. Calculate the remainder when u is divided by l.
8
Let s(t) = 3*t + 9. Suppose -2*d = -5*p + 9, 3*p + 0*p = -4*d + 21. What is the remainder when 69 is divided by s(d)?
15
Suppose 3*f = -v - 5 - 0, -5*v = -4*f + 44. Let g = v - -37. Suppose 9*l - 165 = -30. Calculate the remainder when g is divided by l.
14
Suppose 280 = 4*m + q, -3*m - 34 = -4*q - 225. What is the remainder when m is divided by 14?
13
Let f(w) = 2*w + 7. Let l(q) = q**3 - 2*q**2 + 9*q. Calculate the remainder when l(3) is divided by f(6).
17
Calculate the remainder when 42 is divided by 92/(-6)*9/(-6).
19
Suppose -5*q = 3*l - 354, 17 - 140 = -2*q + 5*l. What is the remainder when q is divided by 26?
17
Suppose r - 18 = 2. Suppose 8*j - r = 3*j. Suppose 0 = -t - 3, 4*p = t - 3*t + 22. What is the remainder when p is divided by j?
3
Suppose m = 9*t - 8*t + 32, 113 = 4*m + t. What is the remainder when 128 is divided by m?
12
Let z(m) = -m**2 + 2*m - 3. Let o be z(0). Calculate the remainder when (o + -6)/3 + 7 is divided by 1.
0
Suppose 110 = 9*m + m. Let z = 15 + 27. Suppose -z = 4*g - 6*g. What is the remainder when g is divided by m?
10
Let g = 17 + 25. Suppose g = 7*w - 10*w. Let h = w - -24. Calculate the remainder when h is divided by 7.
3
Suppose 0 = -23*f + 148 - 10. Calculate the remainder when 111 is divided by f.
3
Suppose -3*j - 9 = -0. Calculate the remainder when -3 - (2 + j) - (0 + -41) is divided by 20.
19
Let k(f) = -2*f**3 - 34*f**2 - 32*f + 7. Let z be k(-16). Let y = 4 + z. What is the remainder when 78/4 - 2/4 is divided by y?
8
Suppose -95 = -a - 2*u, 3*a - 384 = -a - 4*u. Let y = 108 - a. Calculate the remainder when 140 is divided by y.
8
What is the remainder when 131590/80 + 4/32 is divided by 16?
13
Let d(p) = -56*p + 260. What is the remainder when d(0) is divided by 33?
29
Let a(m) = -m**3 + m**2 - 43. What is the remainder when a(-6) is divided by 22?
11
Suppose 8*p = 3*p. Let z be 3/(6 + p)*10. Suppose -7 = 4*h - z*h. Calculate the remainder when 19 is divided by h.
5
Suppose h - 41 = -k, -k + 221 = 5*h - 0*k. Let p be (-135)/(-8) + 7/56 + 4. Suppose p + h = 3*c. What is the remainder when c is divided by 12?
10
Suppose -3*c = -4*c, 0 = -2*m + c + 54. What is the remainder when 161 is divided by m?
26
Suppose -o - 3*c = -109, -206 = 13*o - 15*o - 3*c. What is the remainder when o is divided by 26?
19
Let w(f) = -6*f**3 + 2*f**2 - 3*f - 3. Suppose 17*o - 144 = 5*o. Calculate the remainder when w(-2) is divided by o.
11
Suppose -189*y + 1943 = -160*y. Let g(u) = -5*u - 3. Calculate the remainder when y is divided by g(-4).
16
Let r(v) = -v - 3. Let n be r(0). Suppose 2*d - 5*q = -d + 28, -4*d = 3*q - 47. Calculate the remainder when d is divided by 5/((-15)/(-18)) + n.
2
Let j(f) = -f**3 + 15*f**2 + 19. Calculate the remainder when 3356/36 - 6/27 is divided by j(15).
17
Let l(i) = 56*i**3 - i**2 + 32*i - 32. Calculate the remainder when 149 is divided by l(1).
39
Le